{"version":"1.0","provider_name":"Diario del Oeste","provider_url":"https:\/\/diariodeloeste.com\/noticias","author_name":"admin","author_url":"https:\/\/diariodeloeste.com\/noticias\/author\/admin\/","title":"Jos\u00e9 Luis Benitez se reuni\u00f3 con la Federaci\u00f3n Municipal - Diario del Oeste","type":"rich","width":600,"height":338,"html":"<blockquote class=\"wp-embedded-content\" data-secret=\"vZz1uqdI08\"><a href=\"https:\/\/diariodeloeste.com\/noticias\/2018\/05\/17\/jose-luis-benitez-se-con-la-federacion-municipal\/\">Jos\u00e9 Luis Benitez se reuni\u00f3 con la Federaci\u00f3n Municipal<\/a><\/blockquote><iframe sandbox=\"allow-scripts\" security=\"restricted\" src=\"https:\/\/diariodeloeste.com\/noticias\/2018\/05\/17\/jose-luis-benitez-se-con-la-federacion-municipal\/embed\/#?secret=vZz1uqdI08\" width=\"600\" height=\"338\" title=\"&#8220;Jos\u00e9 Luis Benitez se reuni\u00f3 con la Federaci\u00f3n Municipal&#8221; &#8212; Diario del Oeste\" data-secret=\"vZz1uqdI08\" frameborder=\"0\" marginwidth=\"0\" marginheight=\"0\" scrolling=\"no\" class=\"wp-embedded-content\"><\/iframe><script>\n\/*! This file is auto-generated *\/\n!function(d,l){\"use strict\";l.querySelector&&d.addEventListener&&\"undefined\"!=typeof URL&&(d.wp=d.wp||{},d.wp.receiveEmbedMessage||(d.wp.receiveEmbedMessage=function(e){var t=e.data;if((t||t.secret||t.message||t.value)&&!\/[^a-zA-Z0-9]\/.test(t.secret)){for(var s,r,n,a=l.querySelectorAll('iframe[data-secret=\"'+t.secret+'\"]'),o=l.querySelectorAll('blockquote[data-secret=\"'+t.secret+'\"]'),c=new RegExp(\"^https?:$\",\"i\"),i=0;i<o.length;i++)o[i].style.display=\"none\";for(i=0;i<a.length;i++)s=a[i],e.source===s.contentWindow&&(s.removeAttribute(\"style\"),\"height\"===t.message?(1e3<(r=parseInt(t.value,10))?r=1e3:~~r<200&&(r=200),s.height=r):\"link\"===t.message&&(r=new URL(s.getAttribute(\"src\")),n=new URL(t.value),c.test(n.protocol))&&n.host===r.host&&l.activeElement===s&&(d.top.location.href=t.value))}},d.addEventListener(\"message\",d.wp.receiveEmbedMessage,!1),l.addEventListener(\"DOMContentLoaded\",function(){for(var e,t,s=l.querySelectorAll(\"iframe.wp-embedded-content\"),r=0;r<s.length;r++)(t=(e=s[r]).getAttribute(\"data-secret\"))||(t=Math.random().toString(36).substring(2,12),e.src+=\"#?secret=\"+t,e.setAttribute(\"data-secret\",t)),e.contentWindow.postMessage({message:\"ready\",secret:t},\"*\")},!1)))}(window,document);\n\/\/# sourceURL=https:\/\/diariodeloeste.com\/noticias\/wp-includes\/js\/wp-embed.min.js\n<\/script>\n","thumbnail_url":"https:\/\/diariodeloeste.com\/noticias\/wp-content\/uploads\/2018\/05\/4F1673CF-6222-4AAC-A0E5-D11711923EA0.jpeg","thumbnail_width":2047,"thumbnail_height":1570,"description":"El Candidato por General Rodriguez, Jos\u00e9 Luis Benitez, se reunio&nbsp;con el Secretario General de la Federaci\u00f3n de sindicatos de Trabajadores Municipales de la Provincia de Buenos Aires, Oscar Ruggiero. La charlar es sobre las problem\u00e1ticas en los municipios de la provincia de Buenos Aires y sobre todo de General Rodr\u00edguez \ud83c\udde6\ud83c\uddf7."}

José Luis Benitez se reunió con la Federación Municipal - Diario del Oeste

<blockquote class="wp-embedded-content" data-secret="vZz1uqdI08"><a href="https://diariodeloeste.com/noticias/2018/05/17/jose-luis-benitez-se-con-la-federacion-municipal/">José Luis Benitez se reunió con la Federación Municipal</a></blockquote><iframe sandbox="allow-scripts" security="restricted" src="https://diariodeloeste.com/noticias/2018/05/17/jose-luis-benitez-se-con-la-federacion-municipal/embed/#?secret=vZz1uqdI08" width="600" height="338" title="&#8220;José Luis Benitez se reunió con la Federación Municipal&#8221; &#8212; Diario del Oeste" data-secret="vZz1uqdI08" frameborder="0" marginwidth="0" marginheight="0" scrolling="no" class="wp-embedded-content"></iframe><script>
/*! This file is auto-generated */
!function(d,l){"use strict";l.querySelector&&d.addEventListener&&"undefined"!=typeof URL&&(d.wp=d.wp||{},d.wp.receiveEmbedMessage||(d.wp.receiveEmbedMessage=function(e){var t=e.data;if((t||t.secret||t.message||t.value)&&!/[^a-zA-Z0-9]/.test(t.secret)){for(var s,r,n,a=l.querySelectorAll('iframe[data-secret="'+t.secret+'"]'),o=l.querySelectorAll('blockquote[data-secret="'+t.secret+'"]'),c=new RegExp("^https?:$","i"),i=0;i<o.length;i++)o[i].style.display="none";for(i=0;i<a.length;i++)s=a[i],e.source===s.contentWindow&&(s.removeAttribute("style"),"height"===t.message?(1e3<(r=parseInt(t.value,10))?r=1e3:~~r<200&&(r=200),s.height=r):"link"===t.message&&(r=new URL(s.getAttribute("src")),n=new URL(t.value),c.test(n.protocol))&&n.host===r.host&&l.activeElement===s&&(d.top.location.href=t.value))}},d.addEventListener("message",d.wp.receiveEmbedMessage,!1),l.addEventListener("DOMContentLoaded",function(){for(var e,t,s=l.querySelectorAll("iframe.wp-embedded-content"),r=0;r<s.length;r++)(t=(e=s[r]).getAttribute("data-secret"))||(t=Math.random().toString(36).substring(2,12),e.src+="#?secret="+t,e.setAttribute("data-secret",t)),e.contentWindow.postMessage({message:"ready",secret:t},"*")},!1)))}(window,document);
//# sourceURL=https://diariodeloeste.com/noticias/wp-includes/js/wp-embed.min.js
</script>

El Candidato por General Rodriguez, José Luis Benitez, se reunio&nbsp;con el Secretario General de la Federación de sindicatos de Trabajadores Municipales de la Provincia de Buenos Aires, Oscar Ruggiero. La charlar es sobre las problemáticas en los municipios de la provincia de Buenos Aires y sobre todo de General Rodríguez 🇦🇷.
