{"version":"1.0","provider_name":"Diario del Oeste","provider_url":"https:\/\/diariodeloeste.com\/noticias","author_name":"Redaccion","author_url":"https:\/\/diariodeloeste.com\/noticias\/author\/redaccion\/","title":"Aumenta la luz nuevamente - Diario del Oeste","type":"rich","width":600,"height":338,"html":"<blockquote class=\"wp-embedded-content\" data-secret=\"cuQ8gXA11y\"><a href=\"https:\/\/diariodeloeste.com\/noticias\/2017\/05\/09\/aumenta-la-luz-nuevamente\/\">Aumenta la luz nuevamente<\/a><\/blockquote><iframe sandbox=\"allow-scripts\" security=\"restricted\" src=\"https:\/\/diariodeloeste.com\/noticias\/2017\/05\/09\/aumenta-la-luz-nuevamente\/embed\/#?secret=cuQ8gXA11y\" width=\"600\" height=\"338\" title=\"&#8220;Aumenta la luz nuevamente&#8221; &#8212; Diario del Oeste\" data-secret=\"cuQ8gXA11y\" frameborder=\"0\" marginwidth=\"0\" marginheight=\"0\" scrolling=\"no\" class=\"wp-embedded-content\"><\/iframe><script>\n\/*! This file is auto-generated *\/\n!function(d,l){\"use strict\";l.querySelector&&d.addEventListener&&\"undefined\"!=typeof URL&&(d.wp=d.wp||{},d.wp.receiveEmbedMessage||(d.wp.receiveEmbedMessage=function(e){var t=e.data;if((t||t.secret||t.message||t.value)&&!\/[^a-zA-Z0-9]\/.test(t.secret)){for(var s,r,n,a=l.querySelectorAll('iframe[data-secret=\"'+t.secret+'\"]'),o=l.querySelectorAll('blockquote[data-secret=\"'+t.secret+'\"]'),c=new RegExp(\"^https?:$\",\"i\"),i=0;i<o.length;i++)o[i].style.display=\"none\";for(i=0;i<a.length;i++)s=a[i],e.source===s.contentWindow&&(s.removeAttribute(\"style\"),\"height\"===t.message?(1e3<(r=parseInt(t.value,10))?r=1e3:~~r<200&&(r=200),s.height=r):\"link\"===t.message&&(r=new URL(s.getAttribute(\"src\")),n=new URL(t.value),c.test(n.protocol))&&n.host===r.host&&l.activeElement===s&&(d.top.location.href=t.value))}},d.addEventListener(\"message\",d.wp.receiveEmbedMessage,!1),l.addEventListener(\"DOMContentLoaded\",function(){for(var e,t,s=l.querySelectorAll(\"iframe.wp-embedded-content\"),r=0;r<s.length;r++)(t=(e=s[r]).getAttribute(\"data-secret\"))||(t=Math.random().toString(36).substring(2,12),e.src+=\"#?secret=\"+t,e.setAttribute(\"data-secret\",t)),e.contentWindow.postMessage({message:\"ready\",secret:t},\"*\")},!1)))}(window,document);\n\/\/# sourceURL=https:\/\/diariodeloeste.com\/noticias\/wp-includes\/js\/wp-embed.min.js\n<\/script>\n","thumbnail_url":"https:\/\/diariodeloeste.com\/noticias\/wp-content\/uploads\/2017\/05\/aumerto-de-tarifas-de-la-luz-1024x512_801.jpg","thumbnail_width":1024,"thumbnail_height":512,"description":"El incremento fue publicado por el Bolet\u00edn Oficial de la provincia de Buenos Aires. La suba es del 18,9 por ciento y se sumar\u00e1 al r\u00e9gimen tarifario nacional, por lo cual rondar\u00e1 el 60 por ciento. El gobierno de la provincia de Buenos Aires oficializ\u00f3 este martes el incremento de la tarifa el\u00e9ctrica para todo [&hellip;]"}

El incremento fue publicado por el Boletín Oficial de la provincia de Buenos Aires. La suba es del 18,9 por ciento y se sumará al régimen tarifario nacional, por lo cual rondará el 60 por ciento. El gobierno de la provincia de Buenos Aires oficializó este martes el incremento de la tarifa eléctrica para todo [&hellip;]
