{"version":"1.0","provider_name":"Diario del Oeste","provider_url":"https:\/\/diariodeloeste.com\/noticias","author_name":"Redaccion","author_url":"https:\/\/diariodeloeste.com\/noticias\/author\/redaccion\/","title":"CAMBIEMOS CRECE EN MALVINAS ARGENTINAS - Diario del Oeste","type":"rich","width":600,"height":338,"html":"<blockquote class=\"wp-embedded-content\" data-secret=\"I0H2UoOSdC\"><a href=\"https:\/\/diariodeloeste.com\/noticias\/2017\/04\/30\/cambiemos-crece-en-malvinas-argentinas\/\">CAMBIEMOS CRECE EN MALVINAS ARGENTINAS<\/a><\/blockquote><iframe sandbox=\"allow-scripts\" security=\"restricted\" src=\"https:\/\/diariodeloeste.com\/noticias\/2017\/04\/30\/cambiemos-crece-en-malvinas-argentinas\/embed\/#?secret=I0H2UoOSdC\" width=\"600\" height=\"338\" title=\"&#8220;CAMBIEMOS CRECE EN MALVINAS ARGENTINAS&#8221; &#8212; Diario del Oeste\" data-secret=\"I0H2UoOSdC\" frameborder=\"0\" marginwidth=\"0\" marginheight=\"0\" scrolling=\"no\" class=\"wp-embedded-content\"><\/iframe><script>\n\/*! This file is auto-generated *\/\n!function(d,l){\"use strict\";l.querySelector&&d.addEventListener&&\"undefined\"!=typeof URL&&(d.wp=d.wp||{},d.wp.receiveEmbedMessage||(d.wp.receiveEmbedMessage=function(e){var t=e.data;if((t||t.secret||t.message||t.value)&&!\/[^a-zA-Z0-9]\/.test(t.secret)){for(var s,r,n,a=l.querySelectorAll('iframe[data-secret=\"'+t.secret+'\"]'),o=l.querySelectorAll('blockquote[data-secret=\"'+t.secret+'\"]'),c=new RegExp(\"^https?:$\",\"i\"),i=0;i<o.length;i++)o[i].style.display=\"none\";for(i=0;i<a.length;i++)s=a[i],e.source===s.contentWindow&&(s.removeAttribute(\"style\"),\"height\"===t.message?(1e3<(r=parseInt(t.value,10))?r=1e3:~~r<200&&(r=200),s.height=r):\"link\"===t.message&&(r=new URL(s.getAttribute(\"src\")),n=new URL(t.value),c.test(n.protocol))&&n.host===r.host&&l.activeElement===s&&(d.top.location.href=t.value))}},d.addEventListener(\"message\",d.wp.receiveEmbedMessage,!1),l.addEventListener(\"DOMContentLoaded\",function(){for(var e,t,s=l.querySelectorAll(\"iframe.wp-embedded-content\"),r=0;r<s.length;r++)(t=(e=s[r]).getAttribute(\"data-secret\"))||(t=Math.random().toString(36).substring(2,12),e.src+=\"#?secret=\"+t,e.setAttribute(\"data-secret\",t)),e.contentWindow.postMessage({message:\"ready\",secret:t},\"*\")},!1)))}(window,document);\n\/\/# sourceURL=https:\/\/diariodeloeste.com\/noticias\/wp-includes\/js\/wp-embed.min.js\n<\/script>\n","thumbnail_url":"https:\/\/diariodeloeste.com\/noticias\/wp-content\/uploads\/2017\/04\/totyfloreslocalmalvinas.jpg","thumbnail_width":1040,"thumbnail_height":585,"description":"Con la prestigiosa presencia de Toty Flores, se inaugur\u00f3 en Grand Bourg el local del Movimiento Social por la Republica. Como anticipo de lo que ser\u00e1 el d\u00eda mi\u00e9rcoles el lanzamiento de la autoconvocada mesa distrital de Cambiemos en Malvinas, todos los representantes de los diferentes partidos que integran la alianza dieron el presente. La [&hellip;]"}

Con la prestigiosa presencia de Toty Flores, se inauguró en Grand Bourg el local del Movimiento Social por la Republica. Como anticipo de lo que será el día miércoles el lanzamiento de la autoconvocada mesa distrital de Cambiemos en Malvinas, todos los representantes de los diferentes partidos que integran la alianza dieron el presente. La [&hellip;]
