{"version":"1.0","provider_name":"Diario del Oeste","provider_url":"https:\/\/diariodeloeste.com\/noticias","author_name":"Redaccion","author_url":"https:\/\/diariodeloeste.com\/noticias\/author\/redaccion\/","title":"Congreso del GEN en San Miguel - Diario del Oeste","type":"rich","width":600,"height":338,"html":"<blockquote class=\"wp-embedded-content\" data-secret=\"ejhjyJrMgz\"><a href=\"https:\/\/diariodeloeste.com\/noticias\/2017\/04\/23\/congreso-del-gem-en-san-miguel\/\">Congreso del GEN en San Miguel<\/a><\/blockquote><iframe sandbox=\"allow-scripts\" security=\"restricted\" src=\"https:\/\/diariodeloeste.com\/noticias\/2017\/04\/23\/congreso-del-gem-en-san-miguel\/embed\/#?secret=ejhjyJrMgz\" width=\"600\" height=\"338\" title=\"&#8220;Congreso del GEN en San Miguel&#8221; &#8212; Diario del Oeste\" data-secret=\"ejhjyJrMgz\" frameborder=\"0\" marginwidth=\"0\" marginheight=\"0\" scrolling=\"no\" class=\"wp-embedded-content\"><\/iframe><script>\n\/*! This file is auto-generated *\/\n!function(d,l){\"use strict\";l.querySelector&&d.addEventListener&&\"undefined\"!=typeof URL&&(d.wp=d.wp||{},d.wp.receiveEmbedMessage||(d.wp.receiveEmbedMessage=function(e){var t=e.data;if((t||t.secret||t.message||t.value)&&!\/[^a-zA-Z0-9]\/.test(t.secret)){for(var s,r,n,a=l.querySelectorAll('iframe[data-secret=\"'+t.secret+'\"]'),o=l.querySelectorAll('blockquote[data-secret=\"'+t.secret+'\"]'),c=new RegExp(\"^https?:$\",\"i\"),i=0;i<o.length;i++)o[i].style.display=\"none\";for(i=0;i<a.length;i++)s=a[i],e.source===s.contentWindow&&(s.removeAttribute(\"style\"),\"height\"===t.message?(1e3<(r=parseInt(t.value,10))?r=1e3:~~r<200&&(r=200),s.height=r):\"link\"===t.message&&(r=new URL(s.getAttribute(\"src\")),n=new URL(t.value),c.test(n.protocol))&&n.host===r.host&&l.activeElement===s&&(d.top.location.href=t.value))}},d.addEventListener(\"message\",d.wp.receiveEmbedMessage,!1),l.addEventListener(\"DOMContentLoaded\",function(){for(var e,t,s=l.querySelectorAll(\"iframe.wp-embedded-content\"),r=0;r<s.length;r++)(t=(e=s[r]).getAttribute(\"data-secret\"))||(t=Math.random().toString(36).substring(2,12),e.src+=\"#?secret=\"+t,e.setAttribute(\"data-secret\",t)),e.contentWindow.postMessage({message:\"ready\",secret:t},\"*\")},!1)))}(window,document);\n\/\/# sourceURL=https:\/\/diariodeloeste.com\/noticias\/wp-includes\/js\/wp-embed.min.js\n<\/script>\n","thumbnail_url":"https:\/\/diariodeloeste.com\/noticias\/wp-content\/uploads\/2017\/04\/GEMsanmiguel.jpg","thumbnail_width":1280,"thumbnail_height":960,"description":"Este s\u00e1bado por la tarde, el GEN de la primera secci\u00f3n electoral, se reuni\u00f3 para elegir autoridades en el distrito de \u00a0San Miguel. All\u00ed estuvieron representantes de los distritos de esta secci\u00f3n, celebraron un Congreso, para elegir autoridades. Adem\u00e1s se abordaron distintos temas, como Panorama Pol\u00edtico, Cronograma electoral para las pr\u00f3ximas elecciones. Participaron dirigentes como [&hellip;]"}

Este sábado por la tarde, el GEN de la primera sección electoral, se reunió para elegir autoridades en el distrito de  San Miguel. Allí estuvieron representantes de los distritos de esta sección, celebraron un Congreso, para elegir autoridades. Además se abordaron distintos temas, como Panorama Político, Cronograma electoral para las próximas elecciones. Participaron dirigentes como [&hellip;]
